{"id":4649,"date":"2026-08-31T10:49:50","date_gmt":"2026-08-31T15:49:50","guid":{"rendered":"https:\/\/casadeespanadfw.org\/?post_type=tribe_events&#038;p=4649"},"modified":"2026-08-31T10:49:50","modified_gmt":"2026-08-31T15:49:50","slug":"club-de-lectura-la-segunda-rosa-de-eva-gonzalez","status":"publish","type":"tribe_events","link":"https:\/\/casadeespanadfw.org\/en\/event\/club-de-lectura-la-segunda-rosa-de-eva-gonzalez\/","title":{"rendered":"club de lectura: &#8220;La segunda rosa&#8221; de Eva Gonz\u00e1lez."},"content":{"rendered":"<p>El 16 de septiembre disfrutaremos de un club de lectura muy especial: &#8220;La segunda rosa&#8221; con la participaci\u00f3n online de sus autores. No os lo perd\u00e1is!! 18.30 horas en Avangard Real State <span class=\"a_GcMg font-feature-liga-off font-feature-clig-off font-feature-calt-off text-decoration-none text-strikethrough-none\">920 Belt Line Rd Dallas.\u00a0<\/span><\/p>\n<p>Octubre de 1934. Gerardo, un joven joyero, emigra a Par\u00eds huyendo del ambiente de crispaci\u00f3n pol\u00edtica de Espa\u00f1a. Una vez all\u00ed, y gracias a sus asombrosas habilidades como artesano, recibe el encargo de su vida: crear una joya \u00fanica y exclusiva para la duquesa de Windsor, la mujer por la que el rey Eduardo VIII ha renunciado al trono de Inglaterra. Se trata de la Rosa Windsor, un broche cuajado de diamantes con un complejo mecanismo de apertura. En una recepci\u00f3n en Berl\u00edn, la duquesa exhibe el broche y despierta la envidia de la esposa del mariscal G\u00f6ring, que se empe\u00f1ar\u00e1 en obtener uno igual a toda costa. Los protagonistas se ver\u00e1n envueltos en una trama de maldad y codicia relacionada con el tr\u00e1fico de diamantes, piedras preciosas y obras de arte perpetrada por una organizaci\u00f3n nazi en plena II Guerra Mundial. Tras la guerra, un detective holand\u00e9s perseguir\u00e1 a los responsables para llevarlos ante la justicia. Sus pesquisas le conducir\u00e1n hasta Ecuador, tras los pasos de una bella y ambiciosa mujer. Pero el destino les tiene a todos reservada una gran sorpresa. \u00bfVolver\u00e1 la Rosa Windsor a sus vidas? \u00bfPrevalecer\u00e1 la justicia? Arte, amor, ambici\u00f3n, guerra y mucho m\u00e1s, en una entra\u00f1able historia sobre el af\u00e1n de prosperar, la perseverancia del amor y la tenacidad en la b\u00fasqueda de la justicia.<\/p>\n<p>&nbsp;<\/p>\n<p><img fetchpriority=\"high\" decoding=\"async\" class=\"alignnone size-full wp-image-4650\" src=\"https:\/\/casadeespanadfw.org\/wp-content\/uploads\/2026\/08\/CLUB-DE-LECTURA-septiembre-2026-1.png\" alt=\"\" width=\"1080\" height=\"1080\" srcset=\"https:\/\/casadeespanadfw.org\/wp-content\/uploads\/2026\/08\/CLUB-DE-LECTURA-septiembre-2026-1.png 1080w, https:\/\/casadeespanadfw.org\/wp-content\/uploads\/2026\/08\/CLUB-DE-LECTURA-septiembre-2026-1-300x300.png 300w, https:\/\/casadeespanadfw.org\/wp-content\/uploads\/2026\/08\/CLUB-DE-LECTURA-septiembre-2026-1-1024x1024.png 1024w, https:\/\/casadeespanadfw.org\/wp-content\/uploads\/2026\/08\/CLUB-DE-LECTURA-septiembre-2026-1-150x150.png 150w, https:\/\/casadeespanadfw.org\/wp-content\/uploads\/2026\/08\/CLUB-DE-LECTURA-septiembre-2026-1-768x768.png 768w, https:\/\/casadeespanadfw.org\/wp-content\/uploads\/2026\/08\/CLUB-DE-LECTURA-septiembre-2026-1-12x12.png 12w, https:\/\/casadeespanadfw.org\/wp-content\/uploads\/2026\/08\/CLUB-DE-LECTURA-septiembre-2026-1-600x600.png 600w, https:\/\/casadeespanadfw.org\/wp-content\/uploads\/2026\/08\/CLUB-DE-LECTURA-septiembre-2026-1-100x100.png 100w, https:\/\/casadeespanadfw.org\/wp-content\/uploads\/2026\/08\/CLUB-DE-LECTURA-septiembre-2026-1-450x450.png 450w\" sizes=\"(max-width: 1080px) 100vw, 1080px\" \/><\/p>\n<p>&nbsp;<\/p>","protected":false},"excerpt":{"rendered":"<p>El 16 de septiembre disfrutaremos de un club de lectura muy especial: &#8220;La segunda rosa&#8221; con la participaci\u00f3n online de sus autores. No os lo perd\u00e1is!! 18.30 horas en Avangard [&hellip;]<\/p>\n","protected":false},"author":2,"featured_media":4650,"template":"","meta":{"_price":"","_stock":"","_tribe_ticket_header":"","_tribe_default_ticket_provider":"TEC\\Tickets\\Commerce\\Module","_tribe_ticket_capacity":"0","_ticket_start_date":"","_ticket_end_date":"","_tribe_ticket_show_description":"","_tribe_ticket_show_not_going":false,"_tribe_ticket_use_global_stock":"","_tribe_ticket_global_stock_level":"","_global_stock_mode":"","_global_stock_cap":"","_tribe_rsvp_for_event":"","_tribe_ticket_going_count":"","_tribe_ticket_not_going_count":"","_tribe_tickets_list":"[]","_tribe_ticket_has_attendee_info_fields":false,"_tribe_events_status":"","_tribe_events_status_reason":"","footnotes":"","_tec_slr_enabled":"","_tec_slr_layout":""},"tags":[],"tribe_events_cat":[],"class_list":["post-4649","tribe_events","type-tribe_events","status-publish","has-post-thumbnail","hentry"],"jetpack_sharing_enabled":true,"ticketed":false,"_links":{"self":[{"href":"https:\/\/casadeespanadfw.org\/en\/wp-json\/wp\/v2\/tribe_events\/4649","targetHints":{"allow":["GET"]}}],"collection":[{"href":"https:\/\/casadeespanadfw.org\/en\/wp-json\/wp\/v2\/tribe_events"}],"about":[{"href":"https:\/\/casadeespanadfw.org\/en\/wp-json\/wp\/v2\/types\/tribe_events"}],"author":[{"embeddable":true,"href":"https:\/\/casadeespanadfw.org\/en\/wp-json\/wp\/v2\/users\/2"}],"version-history":[{"count":1,"href":"https:\/\/casadeespanadfw.org\/en\/wp-json\/wp\/v2\/tribe_events\/4649\/revisions"}],"predecessor-version":[{"id":4651,"href":"https:\/\/casadeespanadfw.org\/en\/wp-json\/wp\/v2\/tribe_events\/4649\/revisions\/4651"}],"wp:featuredmedia":[{"embeddable":true,"href":"https:\/\/casadeespanadfw.org\/en\/wp-json\/wp\/v2\/media\/4650"}],"wp:attachment":[{"href":"https:\/\/casadeespanadfw.org\/en\/wp-json\/wp\/v2\/media?parent=4649"}],"wp:term":[{"taxonomy":"post_tag","embeddable":true,"href":"https:\/\/casadeespanadfw.org\/en\/wp-json\/wp\/v2\/tags?post=4649"},{"taxonomy":"tribe_events_cat","embeddable":true,"href":"https:\/\/casadeespanadfw.org\/en\/wp-json\/wp\/v2\/tribe_events_cat?post=4649"}],"curies":[{"name":"wp","href":"https:\/\/api.w.org\/{rel}","templated":true}]}}

club de lectura: &#8220;La segunda rosa&#8221; de Eva González.

<p>El 16 de septiembre disfrutaremos de un club de lectura muy especial: &#8220;La segunda rosa&#8221; con la participación online de sus autores. No os lo perdáis!! 18.30 horas en Avangard Real State <span class="a_GcMg font-feature-liga-off font-feature-clig-off font-feature-calt-off text-decoration-none text-strikethrough-none">920 Belt Line Rd Dallas. </span></p>
<p>Octubre de 1934. Gerardo, un joven joyero, emigra a París huyendo del ambiente de crispación política de España. Una vez allí, y gracias a sus asombrosas habilidades como artesano, recibe el encargo de su vida: crear una joya única y exclusiva para la duquesa de Windsor, la mujer por la que el rey Eduardo VIII ha renunciado al trono de Inglaterra. Se trata de la Rosa Windsor, un broche cuajado de diamantes con un complejo mecanismo de apertura. En una recepción en Berlín, la duquesa exhibe el broche y despierta la envidia de la esposa del mariscal Göring, que se empeñará en obtener uno igual a toda costa. Los protagonistas se verán envueltos en una trama de maldad y codicia relacionada con el tráfico de diamantes, piedras preciosas y obras de arte perpetrada por una organización nazi en plena II Guerra Mundial. Tras la guerra, un detective holandés perseguirá a los responsables para llevarlos ante la justicia. Sus pesquisas le conducirán hasta Ecuador, tras los pasos de una bella y ambiciosa mujer. Pero el destino les tiene a todos reservada una gran sorpresa. ¿Volverá la Rosa Windsor a sus vidas? ¿Prevalecerá la justicia? Arte, amor, ambición, guerra y mucho más, en una entrañable historia sobre el afán de prosperar, la perseverancia del amor y la tenacidad en la búsqueda de la justicia.</p>
<p>&nbsp;</p>
<p><img fetchpriority="high" decoding="async" class="alignnone size-full wp-image-4650" src="https://casadeespanadfw.org/wp-content/uploads/2026/08/CLUB-DE-LECTURA-septiembre-2026-1.png" alt="" width="1080" height="1080" srcset="https://casadeespanadfw.org/wp-content/uploads/2026/08/CLUB-DE-LECTURA-septiembre-2026-1.png 1080w, https://casadeespanadfw.org/wp-content/uploads/2026/08/CLUB-DE-LECTURA-septiembre-2026-1-300x300.png 300w, https://casadeespanadfw.org/wp-content/uploads/2026/08/CLUB-DE-LECTURA-septiembre-2026-1-1024x1024.png 1024w, https://casadeespanadfw.org/wp-content/uploads/2026/08/CLUB-DE-LECTURA-septiembre-2026-1-150x150.png 150w, https://casadeespanadfw.org/wp-content/uploads/2026/08/CLUB-DE-LECTURA-septiembre-2026-1-768x768.png 768w, https://casadeespanadfw.org/wp-content/uploads/2026/08/CLUB-DE-LECTURA-septiembre-2026-1-12x12.png 12w, https://casadeespanadfw.org/wp-content/uploads/2026/08/CLUB-DE-LECTURA-septiembre-2026-1-600x600.png 600w, https://casadeespanadfw.org/wp-content/uploads/2026/08/CLUB-DE-LECTURA-septiembre-2026-1-100x100.png 100w, https://casadeespanadfw.org/wp-content/uploads/2026/08/CLUB-DE-LECTURA-septiembre-2026-1-450x450.png 450w" sizes="(max-width: 1080px) 100vw, 1080px" /></p>
<p>&nbsp;</p>

<p>El 16 de septiembre disfrutaremos de un club de lectura muy especial: &#8220;La segunda rosa&#8221; con la participación online de sus autores. No os lo perdáis!! 18.30 horas en Avangard [&hellip;]</p>
